{"id":659,"date":"2021-09-08T03:05:15","date_gmt":"2021-09-08T03:05:15","guid":{"rendered":"https:\/\/www.marchisone.com.ar\/w\/producto\/reposera-plegable-con-cinta-5-posiciones\/"},"modified":"2021-09-08T03:06:12","modified_gmt":"2021-09-08T03:06:12","slug":"reposera-plegable-con-cinta-5-posiciones","status":"publish","type":"product","link":"https:\/\/www.marchisone.com.ar\/w\/producto\/reposera-plegable-con-cinta-5-posiciones\/","title":{"rendered":"Reposera Plegable Con Cinta 5 Posiciones"},"content":{"rendered":"<p>&#8211; Cl\u00e1sica reposera plegable de 5 posiciones. &#8211; Estructura de ca\u00f1o con pintura epoxi y cintas. &#8211; Apoyabrazos de madera. &#8211; Ca\u00f1o 7\/8 &#8211; Resistente al sol y agua &#8211; Comparaci\u00f3n precio\/calidad inigualable. &#8211; Consultar por colores disponibles<\/p>\n","protected":false},"excerpt":{"rendered":"<p>&#8211; Cl\u00e1sica reposera plegable de 5 posiciones. &#8211; Estructura de ca\u00f1o con pintura epoxi y cintas. &#8211; Apoyabrazos de madera. &#8211; Ca\u00f1o 7\/8 &#8211; Resistente al sol y agua &#8211; Comparaci\u00f3n precio\/calidad inigualable. &#8211; Consultar por colores disponibles<\/p>\n","protected":false},"featured_media":334,"template":"","meta":{"_acf_changed":false},"pwb-brand":[96],"product_brand":[],"product_cat":[37],"product_tag":[],"class_list":{"0":"post-659","1":"product","2":"type-product","3":"status-publish","4":"has-post-thumbnail","6":"pwb-brand-aimaretti","7":"product_cat-jardin","9":"first","10":"instock","11":"shipping-taxable","12":"product-type-simple"},"acf":[],"yoast_head":"<!-- This site is optimized with the Yoast SEO plugin v26.8 - https:\/\/yoast.com\/product\/yoast-seo-wordpress\/ -->\n<title>Reposera Plegable Con Cinta 5 Posiciones - MARCHISONE<\/title>\n<meta name=\"robots\" content=\"index, follow, max-snippet:-1, max-image-preview:large, max-video-preview:-1\" \/>\n<link rel=\"canonical\" href=\"https:\/\/www.marchisone.com.ar\/w\/producto\/reposera-plegable-con-cinta-5-posiciones\/\" \/>\n<meta property=\"og:locale\" content=\"es_ES\" \/>\n<meta property=\"og:type\" content=\"article\" \/>\n<meta property=\"og:title\" content=\"Reposera Plegable Con Cinta 5 Posiciones - MARCHISONE\" \/>\n<meta property=\"og:description\" content=\"&#8211; Cl\u00e1sica reposera plegable de 5 posiciones. &#8211; Estructura de ca\u00f1o con pintura epoxi y cintas. &#8211; Apoyabrazos de madera. &#8211; Ca\u00f1o 7\/8 &#8211; Resistente al sol y agua &#8211; Comparaci\u00f3n precio\/calidad inigualable. &#8211; Consultar por colores disponibles\" \/>\n<meta property=\"og:url\" content=\"https:\/\/www.marchisone.com.ar\/w\/producto\/reposera-plegable-con-cinta-5-posiciones\/\" \/>\n<meta property=\"og:site_name\" content=\"MARCHISONE\" \/>\n<meta property=\"article:modified_time\" content=\"2021-09-08T03:06:12+00:00\" \/>\n<meta property=\"og:image\" content=\"https:\/\/www.marchisone.com.ar\/w\/wp-content\/uploads\/AIMJAR00002_1.jpg\" \/>\n\t<meta property=\"og:image:width\" content=\"1200\" \/>\n\t<meta property=\"og:image:height\" content=\"900\" \/>\n\t<meta property=\"og:image:type\" content=\"image\/jpeg\" \/>\n<meta name=\"twitter:card\" content=\"summary_large_image\" \/>\n<script type=\"application\/ld+json\" class=\"yoast-schema-graph\">{\"@context\":\"https:\/\/schema.org\",\"@graph\":[{\"@type\":\"WebPage\",\"@id\":\"https:\/\/www.marchisone.com.ar\/w\/producto\/reposera-plegable-con-cinta-5-posiciones\/\",\"url\":\"https:\/\/www.marchisone.com.ar\/w\/producto\/reposera-plegable-con-cinta-5-posiciones\/\",\"name\":\"Reposera Plegable Con Cinta 5 Posiciones - MARCHISONE\",\"isPartOf\":{\"@id\":\"https:\/\/www.marchisone.com.ar\/w\/#website\"},\"primaryImageOfPage\":{\"@id\":\"https:\/\/www.marchisone.com.ar\/w\/producto\/reposera-plegable-con-cinta-5-posiciones\/#primaryimage\"},\"image\":{\"@id\":\"https:\/\/www.marchisone.com.ar\/w\/producto\/reposera-plegable-con-cinta-5-posiciones\/#primaryimage\"},\"thumbnailUrl\":\"https:\/\/www.marchisone.com.ar\/w\/wp-content\/uploads\/AIMJAR00002_1.jpg\",\"datePublished\":\"2021-09-08T03:05:15+00:00\",\"dateModified\":\"2021-09-08T03:06:12+00:00\",\"breadcrumb\":{\"@id\":\"https:\/\/www.marchisone.com.ar\/w\/producto\/reposera-plegable-con-cinta-5-posiciones\/#breadcrumb\"},\"inLanguage\":\"es\",\"potentialAction\":[{\"@type\":\"ReadAction\",\"target\":[\"https:\/\/www.marchisone.com.ar\/w\/producto\/reposera-plegable-con-cinta-5-posiciones\/\"]}]},{\"@type\":\"ImageObject\",\"inLanguage\":\"es\",\"@id\":\"https:\/\/www.marchisone.com.ar\/w\/producto\/reposera-plegable-con-cinta-5-posiciones\/#primaryimage\",\"url\":\"https:\/\/www.marchisone.com.ar\/w\/wp-content\/uploads\/AIMJAR00002_1.jpg\",\"contentUrl\":\"https:\/\/www.marchisone.com.ar\/w\/wp-content\/uploads\/AIMJAR00002_1.jpg\",\"width\":1200,\"height\":900},{\"@type\":\"BreadcrumbList\",\"@id\":\"https:\/\/www.marchisone.com.ar\/w\/producto\/reposera-plegable-con-cinta-5-posiciones\/#breadcrumb\",\"itemListElement\":[{\"@type\":\"ListItem\",\"position\":1,\"name\":\"Portada\",\"item\":\"https:\/\/www.marchisone.com.ar\/w\/\"},{\"@type\":\"ListItem\",\"position\":2,\"name\":\"Tienda\",\"item\":\"https:\/\/www.marchisone.com.ar\/w\/tienda\/\"},{\"@type\":\"ListItem\",\"position\":3,\"name\":\"Reposera Plegable Con Cinta 5 Posiciones\"}]},{\"@type\":\"WebSite\",\"@id\":\"https:\/\/www.marchisone.com.ar\/w\/#website\",\"url\":\"https:\/\/www.marchisone.com.ar\/w\/\",\"name\":\"MARCHISONE\",\"description\":\"\",\"publisher\":{\"@id\":\"https:\/\/www.marchisone.com.ar\/w\/#organization\"},\"potentialAction\":[{\"@type\":\"SearchAction\",\"target\":{\"@type\":\"EntryPoint\",\"urlTemplate\":\"https:\/\/www.marchisone.com.ar\/w\/?s={search_term_string}\"},\"query-input\":{\"@type\":\"PropertyValueSpecification\",\"valueRequired\":true,\"valueName\":\"search_term_string\"}}],\"inLanguage\":\"es\"},{\"@type\":\"Organization\",\"@id\":\"https:\/\/www.marchisone.com.ar\/w\/#organization\",\"name\":\"MARCHISONE\",\"url\":\"https:\/\/www.marchisone.com.ar\/w\/\",\"logo\":{\"@type\":\"ImageObject\",\"inLanguage\":\"es\",\"@id\":\"https:\/\/www.marchisone.com.ar\/w\/#\/schema\/logo\/image\/\",\"url\":\"https:\/\/www.marchisone.com.ar\/w\/wp-content\/uploads\/logo-4-web.png\",\"contentUrl\":\"https:\/\/www.marchisone.com.ar\/w\/wp-content\/uploads\/logo-4-web.png\",\"width\":400,\"height\":60,\"caption\":\"MARCHISONE\"},\"image\":{\"@id\":\"https:\/\/www.marchisone.com.ar\/w\/#\/schema\/logo\/image\/\"}}]}<\/script>\n<!-- \/ Yoast SEO plugin. -->","yoast_head_json":{"title":"Reposera Plegable Con Cinta 5 Posiciones - MARCHISONE","robots":{"index":"index","follow":"follow","max-snippet":"max-snippet:-1","max-image-preview":"max-image-preview:large","max-video-preview":"max-video-preview:-1"},"canonical":"https:\/\/www.marchisone.com.ar\/w\/producto\/reposera-plegable-con-cinta-5-posiciones\/","og_locale":"es_ES","og_type":"article","og_title":"Reposera Plegable Con Cinta 5 Posiciones - MARCHISONE","og_description":"&#8211; Cl\u00e1sica reposera plegable de 5 posiciones. &#8211; Estructura de ca\u00f1o con pintura epoxi y cintas. &#8211; Apoyabrazos de madera. &#8211; Ca\u00f1o 7\/8 &#8211; Resistente al sol y agua &#8211; Comparaci\u00f3n precio\/calidad inigualable. &#8211; Consultar por colores disponibles","og_url":"https:\/\/www.marchisone.com.ar\/w\/producto\/reposera-plegable-con-cinta-5-posiciones\/","og_site_name":"MARCHISONE","article_modified_time":"2021-09-08T03:06:12+00:00","og_image":[{"width":1200,"height":900,"url":"https:\/\/www.marchisone.com.ar\/w\/wp-content\/uploads\/AIMJAR00002_1.jpg","type":"image\/jpeg"}],"twitter_card":"summary_large_image","schema":{"@context":"https:\/\/schema.org","@graph":[{"@type":"WebPage","@id":"https:\/\/www.marchisone.com.ar\/w\/producto\/reposera-plegable-con-cinta-5-posiciones\/","url":"https:\/\/www.marchisone.com.ar\/w\/producto\/reposera-plegable-con-cinta-5-posiciones\/","name":"Reposera Plegable Con Cinta 5 Posiciones - MARCHISONE","isPartOf":{"@id":"https:\/\/www.marchisone.com.ar\/w\/#website"},"primaryImageOfPage":{"@id":"https:\/\/www.marchisone.com.ar\/w\/producto\/reposera-plegable-con-cinta-5-posiciones\/#primaryimage"},"image":{"@id":"https:\/\/www.marchisone.com.ar\/w\/producto\/reposera-plegable-con-cinta-5-posiciones\/#primaryimage"},"thumbnailUrl":"https:\/\/www.marchisone.com.ar\/w\/wp-content\/uploads\/AIMJAR00002_1.jpg","datePublished":"2021-09-08T03:05:15+00:00","dateModified":"2021-09-08T03:06:12+00:00","breadcrumb":{"@id":"https:\/\/www.marchisone.com.ar\/w\/producto\/reposera-plegable-con-cinta-5-posiciones\/#breadcrumb"},"inLanguage":"es","potentialAction":[{"@type":"ReadAction","target":["https:\/\/www.marchisone.com.ar\/w\/producto\/reposera-plegable-con-cinta-5-posiciones\/"]}]},{"@type":"ImageObject","inLanguage":"es","@id":"https:\/\/www.marchisone.com.ar\/w\/producto\/reposera-plegable-con-cinta-5-posiciones\/#primaryimage","url":"https:\/\/www.marchisone.com.ar\/w\/wp-content\/uploads\/AIMJAR00002_1.jpg","contentUrl":"https:\/\/www.marchisone.com.ar\/w\/wp-content\/uploads\/AIMJAR00002_1.jpg","width":1200,"height":900},{"@type":"BreadcrumbList","@id":"https:\/\/www.marchisone.com.ar\/w\/producto\/reposera-plegable-con-cinta-5-posiciones\/#breadcrumb","itemListElement":[{"@type":"ListItem","position":1,"name":"Portada","item":"https:\/\/www.marchisone.com.ar\/w\/"},{"@type":"ListItem","position":2,"name":"Tienda","item":"https:\/\/www.marchisone.com.ar\/w\/tienda\/"},{"@type":"ListItem","position":3,"name":"Reposera Plegable Con Cinta 5 Posiciones"}]},{"@type":"WebSite","@id":"https:\/\/www.marchisone.com.ar\/w\/#website","url":"https:\/\/www.marchisone.com.ar\/w\/","name":"MARCHISONE","description":"","publisher":{"@id":"https:\/\/www.marchisone.com.ar\/w\/#organization"},"potentialAction":[{"@type":"SearchAction","target":{"@type":"EntryPoint","urlTemplate":"https:\/\/www.marchisone.com.ar\/w\/?s={search_term_string}"},"query-input":{"@type":"PropertyValueSpecification","valueRequired":true,"valueName":"search_term_string"}}],"inLanguage":"es"},{"@type":"Organization","@id":"https:\/\/www.marchisone.com.ar\/w\/#organization","name":"MARCHISONE","url":"https:\/\/www.marchisone.com.ar\/w\/","logo":{"@type":"ImageObject","inLanguage":"es","@id":"https:\/\/www.marchisone.com.ar\/w\/#\/schema\/logo\/image\/","url":"https:\/\/www.marchisone.com.ar\/w\/wp-content\/uploads\/logo-4-web.png","contentUrl":"https:\/\/www.marchisone.com.ar\/w\/wp-content\/uploads\/logo-4-web.png","width":400,"height":60,"caption":"MARCHISONE"},"image":{"@id":"https:\/\/www.marchisone.com.ar\/w\/#\/schema\/logo\/image\/"}}]}},"brands":[{"id":96,"name":"Aimaretti","slug":"aimaretti"}],"_links":{"self":[{"href":"https:\/\/www.marchisone.com.ar\/w\/wp-json\/wp\/v2\/product\/659","targetHints":{"allow":["GET"]}}],"collection":[{"href":"https:\/\/www.marchisone.com.ar\/w\/wp-json\/wp\/v2\/product"}],"about":[{"href":"https:\/\/www.marchisone.com.ar\/w\/wp-json\/wp\/v2\/types\/product"}],"wp:featuredmedia":[{"embeddable":true,"href":"https:\/\/www.marchisone.com.ar\/w\/wp-json\/wp\/v2\/media\/334"}],"wp:attachment":[{"href":"https:\/\/www.marchisone.com.ar\/w\/wp-json\/wp\/v2\/media?parent=659"}],"wp:term":[{"taxonomy":"pwb-brand","embeddable":true,"href":"https:\/\/www.marchisone.com.ar\/w\/wp-json\/wp\/v2\/pwb-brand?post=659"},{"taxonomy":"product_brand","embeddable":true,"href":"https:\/\/www.marchisone.com.ar\/w\/wp-json\/wp\/v2\/product_brand?post=659"},{"taxonomy":"product_cat","embeddable":true,"href":"https:\/\/www.marchisone.com.ar\/w\/wp-json\/wp\/v2\/product_cat?post=659"},{"taxonomy":"product_tag","embeddable":true,"href":"https:\/\/www.marchisone.com.ar\/w\/wp-json\/wp\/v2\/product_tag?post=659"}],"curies":[{"name":"wp","href":"https:\/\/api.w.org\/{rel}","templated":true}]}}