{"id":3102,"date":"2022-04-05T21:31:57","date_gmt":"2022-04-05T21:31:57","guid":{"rendered":"https:\/\/www.marchisone.com.ar\/w\/?post_type=product&#038;p=3102"},"modified":"2022-04-05T21:31:57","modified_gmt":"2022-04-05T21:31:57","slug":"contactor-tripolar-12-a-1-na","status":"publish","type":"product","link":"https:\/\/www.marchisone.com.ar\/w\/producto\/contactor-tripolar-12-a-1-na\/","title":{"rendered":"Contactor tripolar 12 A + 1 NA"},"content":{"rendered":"<ul>\n<li>Tensi\u00f3n bobina de comando: 220 &#8211; 230 Vca<\/li>\n<li>Categor\u00eda de utilizaci\u00f3n: AC-3, AC-4<\/li>\n<li>Cantidad de polos principales: 3<\/li>\n<li>Cantidad de polos auxiliares: 1 NA<\/li>\n<li>Frecuencia: 50\/60 Hz<\/li>\n<li>Tensi\u00f3n nominal de aislamiento [Ui]: 690 V<\/li>\n<li>Tensi\u00f3n asignada de resistencia a los choques [Uimp]: 6 kV<\/li>\n<li>Corriente nominal de trabajo a 380 V: 12 A (AC-3), 5 A (AC-4)<\/li>\n<li>Corriente nominal de trabajo a 660 V: 8,9 A (AC-3), 2 A (AC-4)<\/li>\n<li>Corriente nominal de trabajo a 440 V: 25 A (AC-1)<\/li>\n<li>Corriente t\u00e9rmica convencional [Ith]: 25 A<\/li>\n<li>Potencia del motor (AC-3) a 220 V: 3 kW<\/li>\n<li>Potencia del motor (AC-3) a 380\/440 V: 5,5 kW<\/li>\n<li>Potencia del motor (AC-3) a 660 V: 7,5 kW<\/li>\n<li>Grado de protecci\u00f3n IP20<\/li>\n<li>Montaje en riel DIN<\/li>\n<li>Certificado bajo Norma IEC 60947-4-1<\/li>\n<\/ul>\n","protected":false},"excerpt":{"rendered":"<p>Tensi\u00f3n bobina de comando: 220 &#8211; 230 Vca Categor\u00eda de utilizaci\u00f3n: AC-3, AC-4 Cantidad de polos principales: 3 Cantidad de polos auxiliares: 1 NA Frecuencia: 50\/60 Hz Tensi\u00f3n nominal de aislamiento [Ui]: 690 V Tensi\u00f3n asignada de resistencia a los choques [Uimp]: 6 kV Corriente nominal de trabajo a 380 V: 12 A (AC-3), 5 [&hellip;]<\/p>\n","protected":false},"featured_media":3103,"template":"","meta":{"_acf_changed":false},"pwb-brand":[108],"product_brand":[],"product_cat":[18,30],"product_tag":[],"class_list":{"0":"post-3102","1":"product","2":"type-product","3":"status-publish","4":"has-post-thumbnail","6":"pwb-brand-etheos","7":"product_cat-construccion-y-refaccion","8":"product_cat-electricidad","10":"first","11":"instock","12":"shipping-taxable","13":"product-type-simple"},"acf":[],"yoast_head":"<!-- This site is optimized with the Yoast SEO plugin v26.8 - https:\/\/yoast.com\/product\/yoast-seo-wordpress\/ -->\n<title>Contactor tripolar 12 A + 1 NA - MARCHISONE<\/title>\n<meta name=\"robots\" content=\"index, follow, max-snippet:-1, max-image-preview:large, max-video-preview:-1\" \/>\n<link rel=\"canonical\" href=\"https:\/\/www.marchisone.com.ar\/w\/producto\/contactor-tripolar-12-a-1-na\/\" \/>\n<meta property=\"og:locale\" content=\"es_ES\" \/>\n<meta property=\"og:type\" content=\"article\" \/>\n<meta property=\"og:title\" content=\"Contactor tripolar 12 A + 1 NA - MARCHISONE\" \/>\n<meta property=\"og:description\" content=\"Tensi\u00f3n bobina de comando: 220 &#8211; 230 Vca Categor\u00eda de utilizaci\u00f3n: AC-3, AC-4 Cantidad de polos principales: 3 Cantidad de polos auxiliares: 1 NA Frecuencia: 50\/60 Hz Tensi\u00f3n nominal de aislamiento [Ui]: 690 V Tensi\u00f3n asignada de resistencia a los choques [Uimp]: 6 kV Corriente nominal de trabajo a 380 V: 12 A (AC-3), 5 [&hellip;]\" \/>\n<meta property=\"og:url\" content=\"https:\/\/www.marchisone.com.ar\/w\/producto\/contactor-tripolar-12-a-1-na\/\" \/>\n<meta property=\"og:site_name\" content=\"MARCHISONE\" \/>\n<meta property=\"og:image\" content=\"https:\/\/www.marchisone.com.ar\/w\/wp-content\/uploads\/CEGCON00012_1.jpg\" \/>\n\t<meta property=\"og:image:width\" content=\"1200\" \/>\n\t<meta property=\"og:image:height\" content=\"900\" \/>\n\t<meta property=\"og:image:type\" content=\"image\/jpeg\" \/>\n<meta name=\"twitter:card\" content=\"summary_large_image\" \/>\n<meta name=\"twitter:label1\" content=\"Tiempo de lectura\" \/>\n\t<meta name=\"twitter:data1\" content=\"1 minuto\" \/>\n<script type=\"application\/ld+json\" class=\"yoast-schema-graph\">{\"@context\":\"https:\/\/schema.org\",\"@graph\":[{\"@type\":\"WebPage\",\"@id\":\"https:\/\/www.marchisone.com.ar\/w\/producto\/contactor-tripolar-12-a-1-na\/\",\"url\":\"https:\/\/www.marchisone.com.ar\/w\/producto\/contactor-tripolar-12-a-1-na\/\",\"name\":\"Contactor tripolar 12 A + 1 NA - MARCHISONE\",\"isPartOf\":{\"@id\":\"https:\/\/www.marchisone.com.ar\/w\/#website\"},\"primaryImageOfPage\":{\"@id\":\"https:\/\/www.marchisone.com.ar\/w\/producto\/contactor-tripolar-12-a-1-na\/#primaryimage\"},\"image\":{\"@id\":\"https:\/\/www.marchisone.com.ar\/w\/producto\/contactor-tripolar-12-a-1-na\/#primaryimage\"},\"thumbnailUrl\":\"https:\/\/www.marchisone.com.ar\/w\/wp-content\/uploads\/CEGCON00012_1.jpg\",\"datePublished\":\"2022-04-05T21:31:57+00:00\",\"breadcrumb\":{\"@id\":\"https:\/\/www.marchisone.com.ar\/w\/producto\/contactor-tripolar-12-a-1-na\/#breadcrumb\"},\"inLanguage\":\"es\",\"potentialAction\":[{\"@type\":\"ReadAction\",\"target\":[\"https:\/\/www.marchisone.com.ar\/w\/producto\/contactor-tripolar-12-a-1-na\/\"]}]},{\"@type\":\"ImageObject\",\"inLanguage\":\"es\",\"@id\":\"https:\/\/www.marchisone.com.ar\/w\/producto\/contactor-tripolar-12-a-1-na\/#primaryimage\",\"url\":\"https:\/\/www.marchisone.com.ar\/w\/wp-content\/uploads\/CEGCON00012_1.jpg\",\"contentUrl\":\"https:\/\/www.marchisone.com.ar\/w\/wp-content\/uploads\/CEGCON00012_1.jpg\",\"width\":1200,\"height\":900},{\"@type\":\"BreadcrumbList\",\"@id\":\"https:\/\/www.marchisone.com.ar\/w\/producto\/contactor-tripolar-12-a-1-na\/#breadcrumb\",\"itemListElement\":[{\"@type\":\"ListItem\",\"position\":1,\"name\":\"Portada\",\"item\":\"https:\/\/www.marchisone.com.ar\/w\/\"},{\"@type\":\"ListItem\",\"position\":2,\"name\":\"Tienda\",\"item\":\"https:\/\/www.marchisone.com.ar\/w\/tienda\/\"},{\"@type\":\"ListItem\",\"position\":3,\"name\":\"Contactor tripolar 12 A + 1 NA\"}]},{\"@type\":\"WebSite\",\"@id\":\"https:\/\/www.marchisone.com.ar\/w\/#website\",\"url\":\"https:\/\/www.marchisone.com.ar\/w\/\",\"name\":\"MARCHISONE\",\"description\":\"\",\"publisher\":{\"@id\":\"https:\/\/www.marchisone.com.ar\/w\/#organization\"},\"potentialAction\":[{\"@type\":\"SearchAction\",\"target\":{\"@type\":\"EntryPoint\",\"urlTemplate\":\"https:\/\/www.marchisone.com.ar\/w\/?s={search_term_string}\"},\"query-input\":{\"@type\":\"PropertyValueSpecification\",\"valueRequired\":true,\"valueName\":\"search_term_string\"}}],\"inLanguage\":\"es\"},{\"@type\":\"Organization\",\"@id\":\"https:\/\/www.marchisone.com.ar\/w\/#organization\",\"name\":\"MARCHISONE\",\"url\":\"https:\/\/www.marchisone.com.ar\/w\/\",\"logo\":{\"@type\":\"ImageObject\",\"inLanguage\":\"es\",\"@id\":\"https:\/\/www.marchisone.com.ar\/w\/#\/schema\/logo\/image\/\",\"url\":\"https:\/\/www.marchisone.com.ar\/w\/wp-content\/uploads\/logo-4-web.png\",\"contentUrl\":\"https:\/\/www.marchisone.com.ar\/w\/wp-content\/uploads\/logo-4-web.png\",\"width\":400,\"height\":60,\"caption\":\"MARCHISONE\"},\"image\":{\"@id\":\"https:\/\/www.marchisone.com.ar\/w\/#\/schema\/logo\/image\/\"}}]}<\/script>\n<!-- \/ Yoast SEO plugin. -->","yoast_head_json":{"title":"Contactor tripolar 12 A + 1 NA - MARCHISONE","robots":{"index":"index","follow":"follow","max-snippet":"max-snippet:-1","max-image-preview":"max-image-preview:large","max-video-preview":"max-video-preview:-1"},"canonical":"https:\/\/www.marchisone.com.ar\/w\/producto\/contactor-tripolar-12-a-1-na\/","og_locale":"es_ES","og_type":"article","og_title":"Contactor tripolar 12 A + 1 NA - MARCHISONE","og_description":"Tensi\u00f3n bobina de comando: 220 &#8211; 230 Vca Categor\u00eda de utilizaci\u00f3n: AC-3, AC-4 Cantidad de polos principales: 3 Cantidad de polos auxiliares: 1 NA Frecuencia: 50\/60 Hz Tensi\u00f3n nominal de aislamiento [Ui]: 690 V Tensi\u00f3n asignada de resistencia a los choques [Uimp]: 6 kV Corriente nominal de trabajo a 380 V: 12 A (AC-3), 5 [&hellip;]","og_url":"https:\/\/www.marchisone.com.ar\/w\/producto\/contactor-tripolar-12-a-1-na\/","og_site_name":"MARCHISONE","og_image":[{"width":1200,"height":900,"url":"https:\/\/www.marchisone.com.ar\/w\/wp-content\/uploads\/CEGCON00012_1.jpg","type":"image\/jpeg"}],"twitter_card":"summary_large_image","twitter_misc":{"Tiempo de lectura":"1 minuto"},"schema":{"@context":"https:\/\/schema.org","@graph":[{"@type":"WebPage","@id":"https:\/\/www.marchisone.com.ar\/w\/producto\/contactor-tripolar-12-a-1-na\/","url":"https:\/\/www.marchisone.com.ar\/w\/producto\/contactor-tripolar-12-a-1-na\/","name":"Contactor tripolar 12 A + 1 NA - MARCHISONE","isPartOf":{"@id":"https:\/\/www.marchisone.com.ar\/w\/#website"},"primaryImageOfPage":{"@id":"https:\/\/www.marchisone.com.ar\/w\/producto\/contactor-tripolar-12-a-1-na\/#primaryimage"},"image":{"@id":"https:\/\/www.marchisone.com.ar\/w\/producto\/contactor-tripolar-12-a-1-na\/#primaryimage"},"thumbnailUrl":"https:\/\/www.marchisone.com.ar\/w\/wp-content\/uploads\/CEGCON00012_1.jpg","datePublished":"2022-04-05T21:31:57+00:00","breadcrumb":{"@id":"https:\/\/www.marchisone.com.ar\/w\/producto\/contactor-tripolar-12-a-1-na\/#breadcrumb"},"inLanguage":"es","potentialAction":[{"@type":"ReadAction","target":["https:\/\/www.marchisone.com.ar\/w\/producto\/contactor-tripolar-12-a-1-na\/"]}]},{"@type":"ImageObject","inLanguage":"es","@id":"https:\/\/www.marchisone.com.ar\/w\/producto\/contactor-tripolar-12-a-1-na\/#primaryimage","url":"https:\/\/www.marchisone.com.ar\/w\/wp-content\/uploads\/CEGCON00012_1.jpg","contentUrl":"https:\/\/www.marchisone.com.ar\/w\/wp-content\/uploads\/CEGCON00012_1.jpg","width":1200,"height":900},{"@type":"BreadcrumbList","@id":"https:\/\/www.marchisone.com.ar\/w\/producto\/contactor-tripolar-12-a-1-na\/#breadcrumb","itemListElement":[{"@type":"ListItem","position":1,"name":"Portada","item":"https:\/\/www.marchisone.com.ar\/w\/"},{"@type":"ListItem","position":2,"name":"Tienda","item":"https:\/\/www.marchisone.com.ar\/w\/tienda\/"},{"@type":"ListItem","position":3,"name":"Contactor tripolar 12 A + 1 NA"}]},{"@type":"WebSite","@id":"https:\/\/www.marchisone.com.ar\/w\/#website","url":"https:\/\/www.marchisone.com.ar\/w\/","name":"MARCHISONE","description":"","publisher":{"@id":"https:\/\/www.marchisone.com.ar\/w\/#organization"},"potentialAction":[{"@type":"SearchAction","target":{"@type":"EntryPoint","urlTemplate":"https:\/\/www.marchisone.com.ar\/w\/?s={search_term_string}"},"query-input":{"@type":"PropertyValueSpecification","valueRequired":true,"valueName":"search_term_string"}}],"inLanguage":"es"},{"@type":"Organization","@id":"https:\/\/www.marchisone.com.ar\/w\/#organization","name":"MARCHISONE","url":"https:\/\/www.marchisone.com.ar\/w\/","logo":{"@type":"ImageObject","inLanguage":"es","@id":"https:\/\/www.marchisone.com.ar\/w\/#\/schema\/logo\/image\/","url":"https:\/\/www.marchisone.com.ar\/w\/wp-content\/uploads\/logo-4-web.png","contentUrl":"https:\/\/www.marchisone.com.ar\/w\/wp-content\/uploads\/logo-4-web.png","width":400,"height":60,"caption":"MARCHISONE"},"image":{"@id":"https:\/\/www.marchisone.com.ar\/w\/#\/schema\/logo\/image\/"}}]}},"brands":[{"id":108,"name":"Etheos","slug":"etheos"}],"_links":{"self":[{"href":"https:\/\/www.marchisone.com.ar\/w\/wp-json\/wp\/v2\/product\/3102","targetHints":{"allow":["GET"]}}],"collection":[{"href":"https:\/\/www.marchisone.com.ar\/w\/wp-json\/wp\/v2\/product"}],"about":[{"href":"https:\/\/www.marchisone.com.ar\/w\/wp-json\/wp\/v2\/types\/product"}],"wp:featuredmedia":[{"embeddable":true,"href":"https:\/\/www.marchisone.com.ar\/w\/wp-json\/wp\/v2\/media\/3103"}],"wp:attachment":[{"href":"https:\/\/www.marchisone.com.ar\/w\/wp-json\/wp\/v2\/media?parent=3102"}],"wp:term":[{"taxonomy":"pwb-brand","embeddable":true,"href":"https:\/\/www.marchisone.com.ar\/w\/wp-json\/wp\/v2\/pwb-brand?post=3102"},{"taxonomy":"product_brand","embeddable":true,"href":"https:\/\/www.marchisone.com.ar\/w\/wp-json\/wp\/v2\/product_brand?post=3102"},{"taxonomy":"product_cat","embeddable":true,"href":"https:\/\/www.marchisone.com.ar\/w\/wp-json\/wp\/v2\/product_cat?post=3102"},{"taxonomy":"product_tag","embeddable":true,"href":"https:\/\/www.marchisone.com.ar\/w\/wp-json\/wp\/v2\/product_tag?post=3102"}],"curies":[{"name":"wp","href":"https:\/\/api.w.org\/{rel}","templated":true}]}}